d by 16?
12
What is the remainder when 333 is divided by 180?
153
Calculate the remainder when 1003 is divided by 34.
17
What is the remainder when 278 is divided by 273?
5
What is the remainder when 757 is divided by 33?
31
What is the remainder when 778 is divided by 71?
68
Calculate the remainder when 223 is divided by 45.
43
What is the remainder when 28 is divided by 18?
10
Calculate the remainder when 143 is divided by 43.
14
Calculate the remainder when 303 is divided by 69.
27
What is the remainder when 1138 is divided by 14?
4
Calculate the remainder when 267 is divided by 64.
11
What is the remainder when 97 is divided by 21?
13
What is the remainder when 2726 is divided by 72?
62
Calculate the remainder when 61 is divided by 43.
18
Calculate the remainder when 112 is divided by 17.
10
What is the remainder when 107 is divided by 18?
17
Calculate the remainder when 2234 is divided by 14.
8
What is the remainder when 381 is divided by 13?
4
Calculate the remainder when 11 is divided by 4.
3
What is the remainder when 481 is divided by 5?
1
What is the remainder when 334 is divided by 38?
30
What is the remainder when 989 is divided by 45?
44
What is the remainder when 5412 is divided by 8?
4
Calculate the remainder when 381 is divided by 55.
51
Calculate the remainder when 73 is divided by 27.
19
Calculate the remainder when 30 is divided by 12.
6
What is the remainder when 167 is divided by 74?
19
Calculate the remainder when 302 is divided by 63.
50
Calculate the remainder when 1571 is divided by 21.
17
What is the remainder when 166 is divided by 52?
10
What is the remainder when 193 is divided by 44?
17
Calculate the remainder when 226 is divided by 116.
110
Calculate the remainder when 694 is divided by 17.
14
What is the remainder when 2403 is divided by 35?
23
What is the remainder when 457 is divided by 23?
20
What is the remainder when 134 is divided by 9?
8
What is the remainder when 88 is divided by 68?
20
What is the remainder when 1649 is divided by 25?
24
What is the remainder when 227 is divided by 19?
18
Calculate the remainder when 679 is divided by 241.
197
What is the remainder when 6293 is divided by 16?
5
What is the remainder when 253 is divided by 8?
5
Calculate the remainder when 341 is divided by 130.
81
What is the remainder when 989 is divided by 10?
9
Calculate the remainder when 3466 is divided by 1151.
13
What is the remainder when 102 is divided by 55?
47
What is the remainder when 211 is divided by 77?
57
What is the remainder when 1010 is divided by 46?
44
What is the remainder when 13744 is divided by 174?
172
What is the remainder when 687 is divided by 184?
135
Calculate the remainder when 169 is divided by 31.
14
What is the remainder when 391 is divided by 76?
11
What is the remainder when 216 is divided by 6?
0
What is the remainder when 14408 is divided by 16?
8
What is the remainder when 776 is divided by 17?
11
What is the remainder when 331 is divided by 122?
87
What is the remainder when 7479 is divided by 20?
19
Calculate the remainder when 582 is divided by 45.
42
What is the remainder when 68 is divided by 5?
3
What is the remainder when 2628 is divided by 3?
0
What is the remainder when 85 is divided by 20?
5
What is the remainder when 976 is divided by 19?
7
Calculate the remainder when 476 is divided by 41.
25
What is the remainder when 1380 is divided by 290?
220
Calculate the remainder when 570 is divided by 51.
9
What is the remainder when 175 is divided by 52?
19
What is the remainder when 6445 is divided by 104?
101
What is the remainder when 222 is divided by 15?
12
Calculate the remainder when 1065 is divided by 1058.
7
Calculate the remainder when 29 is divided by 4.
1
What is the remainder when 157 is divided by 4?
1
What is the remainder when 781 is divided by 14?
11
Calculate the remainder when 984 is divided by 18.
12
Calculate the remainder when 71 is divided by 20.
11
What is the remainder when 23 is divided by 2?
1
What is the remainder when 57 is divided by 9?
3
Calculate the remainder when 90 is divided by 13.
12
What is the remainder when 183 is divided by 48?
39
Calculate the remainder when 1465 is divided by 345.
85
What is the remainder when 352 is divided by 109?
25
Calculate the remainder when 685 is divided by 53.
49
Calculate the remainder when 262 is divided by 22.
20
What is the remainder when 985 is divided by 58?
57
Calculate the remainder when 44386 is divided by 137.
135
What is the remainder when 129 is divided by 17?
10
Calculate the remainder when 6198 is divided by 2062.
12
What is the remainder when 124 is divided by 70?
54
Calculate the remainder when 1748 is divided by 24.
20
What is the remainder when 690 is divided by 427?
263
What is the remainder when 126 is divided by 53?
20
Calculate the remainder when 1098 is divided by 360.
18
Calculate the remainder when 3209 is divided by 20.
9
Calculate the remainder when 18617 is divided by 76.
73
What is the remainder when 244 is divided by 5?
4
Calculate the remainder when 150 is divided by 38.
36
Calculate the remainder when 505 is divided by 141.
82
What is the remainder when 72 is divided by 15?
12
What is the remainder when 249 is divided by 15?
9
What is the remainder when 631 is divided by 315?
1
What is the remainder when 591 is divided by 34?
13
Calculate the remainder when 1710 is divided by 342.
0
Calculate the remainder when 217 is divided by 96.
25
Calculate the remainder when 3151 is divided by 83.
80
Calculate the remainder when 41 is divided by 11.
8
Calculate the remainder when 185 is divided by 31.
30
What is the remainder when 43 is divided by 7?
1
What is the remainder when 597 is divided by 157?
126
Calculate the remainder when 1351 is divided by 337.
3
What is the remainder when 94 is divided by 78?
16
Calculate the remainder when 508 is divided by 68.
32
What is the remainder when 793 is divided by 35?
23
What is the remainder when 543 is divided by 540?
3
Calculate the remainder when 699 is divided by 48.
27
What is the remainder when 569 is divided by 116?
105
What is the remainder when 298 is divided by 62?
50
What is the remainder when 399 is divided by 138?
123
Calculate the remainder when 1504 is divided by 72.
64
What is the remainder when 135 is divided by 10?
5
What is the remainder when 615 is divided by 332?
283
What is the remainder when 2923 is divided by 5?
3
What is the remainder when 133 is divided by 15?
13
Calculate the remainder when 158 is divided by 23.
20
Calculate the remainder when 596 is divided by 91.
50
Calculate the remainder when 40 is divided by 12.
4
What is the remainder when 339 is divided by 44?
31
Calculate the remainder when 938 is divided by 922.
16
What is the remainder when 51 is divided by 2?
1
What is the remainder when 3703 is divided by 36?
31
Calculate the remainder when 44 is divided by 3.
2
What is the remainder when 1120 is divided by 87?
76
What is the remainder when 88 is divided by 13?
10
What is the remainder when 1119 is divided by 370?
9
Calculate the remainder when 381 is divided by 32.
29
Calculate the remainder when 2359 is divided by 148.
139
What is the remainder when 1806 is divided by 17?
4
What is the remainder when 373 is divided by 22?
21
What is the remainder when 1270 is divided by 317?
2
What is the remainder when 501 is divided by 103?
89
What is the remainder when 77 is divided by 20?
17
Calculate the remainder when 1661 is divided by 814.
33
Calculate the remainder when 37 is divided by 24.
13
Calculate the remainder when 1844 is divided by 154.
150
What is the remainder when 594 is divided by 63?
27
Calculate the remainder when 183 is divided by 57.
12
Calculate the remainder when 204 is divided by 69.
66
What is the remainder when 853 is divided by 9?
7
Calculate the remainder when 1829 is divided by 15.
14
Calculate the remainder when 19 is divided by 16.
3
What is the remainder when 299 is divided by 7?
5
Calculate the remainder when 181 is divided by 32.
21
Calculate the remainder when 333 is divided by 113.
107
What is the remainder when 311 is divided by 106?
99
What is the remainder when 206 is divided by 26?
24
Calculate the remainder when 50 is divided by 18.
14
Calculate the remainder when 97 is 